ime?
True
Is 235723 composite?
False
Is 5879 prime?
True
Is 134753 a composite number?
False
Is 12842 a composite number?
True
Is 214967 a composite number?
False
Is 1507879 a prime number?
True
Is 9943 a prime number?
False
Is 65787 a composite number?
True
Is 1109957 composite?
True
Is 2927 composite?
False
Is 9247 prime?
False
Is 414913 a composite number?
False
Is 17279 composite?
True
Is 463651 composite?
True
Is 36427 composite?
True
Is 63233 composite?
True
Is 6559 a composite number?
True
Is 45865 prime?
False
Is 171511 a prime number?
False
Is 281663 composite?
False
Is 2178541 composite?
False
Is 310559 a prime number?
True
Is 610381 composite?
True
Is 5779 composite?
False
Is 35039 a composite number?
True
Is 65993 a prime number?
True
Is 12107 composite?
False
Is 82 prime?
False
Is 46661 prime?
False
Is 69241 a composite number?
True
Is 3859 composite?
True
Is 3223 a composite number?
True
Is 758 prime?
False
Is 22229 composite?
False
Is 14999 prime?
False
Is 12247 prime?
False
Is 130265 composite?
True
Is 4337 a prime number?
True
Is 27901 a prime number?
True
Is 3120955 prime?
False
Is 449 a prime number?
True
Is 47711 a composite number?
False
Is 27059 a prime number?
True
Is 19174 a prime number?
False
Is 32539 composite?
True
Is 737039 composite?
False
Is 479 a composite number?
False
Is 8923 composite?
False
Is 36209 a composite number?
False
Is 126683 a composite number?
False
Is 17509 a prime number?
True
Is 4434371 composite?
False
Is 3061 prime?
True
Is 1520287 a prime number?
True
Is 965323 a prime number?
False
Is 25255 prime?
False
Is 324245 a composite number?
True
Is 1906 a prime number?
False
Is 13322 prime?
False
Is 1200989 prime?
True
Is 126127 composite?
False
Is 10379 prime?
False
Is 3037 composite?
False
Is 12531 composite?
True
Is 148186 prime?
False
Is 5953 composite?
False
Is 294587 a composite number?
True
Is 2180719 a prime number?
True
Is 809231 a prime number?
True
Is 1373 a prime number?
True
Is 151201 composite?
False
Is 102031 a composite number?
False
Is 1503997 composite?
True
Is 754537 a prime number?
False
Is 160861 composite?
False
Is 2939 composite?
False
Is 1460933 prime?
False
Is 223787 a composite number?
True
Is 16138 a prime number?
False
Is 70453 a composite number?
True
Is 7807 a composite number?
True
Is 257 a composite number?
False
Is 25439 composite?
False
Is 991189 prime?
False
Is 2357 prime?
True
Is 66077 composite?
True
Is 39499 composite?
False
Is 504457 composite?
False
Is 918791 prime?
False
Is 2255833 a prime number?
True
Is 17539 composite?
False
Is 206593 composite?
False
Is 137653 a composite number?
False
Is 323467 prime?
True
Is 39293 composite?
False
Is 514 a prime number?
False
Is 703 a composite number?
True
Is 6113 composite?
False
Is 4490851 a prime number?
False
Is 11057 a composite number?
False
Is 98669 composite?
False
Is 766721 prime?
True
Is 203713 a composite number?
False
Is 31897 prime?
False
Is 821787 prime?
False
Is 26797 a composite number?
True
Is 2179 prime?
True
Is 6893 a composite number?
True
Is 46523 a composite number?
False
Is 436957 a composite number?
False
Is 5585 a prime number?
False
Is 45743 composite?
True
Is 51713 prime?
True
Is 439987 a composite number?
True
Is 59539 a prime number?
True
Is 2495 composite?
True
Is 510751 a prime number?
True
Is 160729 composite?
True
Is 16567 prime?
True
Is 54451 a prime number?
False
Is 2162911 a prime number?
True
Is 2117 a composite number?
True
Is 259 a prime number?
False
Is 1361 prime?
True
Is 8709 prime?
False
Is 3991 a composite number?
True
Is 15541 a prime number?
True
Is 15347 composite?
True
Is 8143 a composite number?
True
Is 4285419 a composite number?
True
Is 447463 prime?
True
Is 1555 a prime number?
False
Is 35403 prime?
False
Is 53773 composite?
False
Is 40111 a prime number?
True
Is 591 composite?
True
Is 6168457 a composite number?
False
Is 292319 a composite number?
False
Is 651971 a composite number?
False
Is 447 a prime number?
False
Is 345547 a prime number?
True
Is 608099 prime?
True
Is 150959 composite?
False
Is 1078331 a prime number?
True
Is 154093 prime?
False
Is 1225721 a composite number?
True
Is 4078 a composite number?
True
Is 38501 prime?
True
Is 200218 composite?
True
Is 680041 a composite number?
True
Is 174453 composite?
True
Is 111803 a prime number?
False
Is 38029 a prime number?
False
Is 3433 prime?
True
Is 17267 prime?
False
Is 5079 composite?
True
Is 21859 prime?
True
Is 5051 a composite number?
False
Is 1147 composite?
True
Is 57131 a composite number?
False
Is 427103 composite?
False
Is 32899 a composite number?
True
Is 3491 a composite number?
False
Is 501047 prime?
False
Is 3181 a composite number?
False
Is 79438 a prime number?
False
Is 7311 a composite number?
True
Is 584849 prime?
True
Is 269239 prime?
False
Is 778001 composite?
True
Is 4063 composite?
True
Is 535 prime?
False
Is 2317493 a composite number?
False
Is 3821 prime?
True
Is 737026 composite?
True
Is 1981189 a composite number?
True
Is 38803 a composite number?
False
Is 4162 a composite number?
True
Is 350003 composite?
False
Is 94403 prime?
False
Is 586589 a prime number?
True
Is 438401 composite?
False
Is 13963 composite?
False
Is 23459 a prime number?
True
Is 1943 a prime number?
False
Is 5245 a prime number?
False
Is 1723 a composite number?
False
Is 34073 prime?
False
Is 13315 composite?
True
Is 16649 prime?
True
Is 128617 a composite number?
True
Is 130309 a composite number?
True
Is 5807 a composite number?
False
Is 167159 composite?
False
Is 3209 a prime number?
True
Is 1094 a composite number?
True
Is 368533 composite?
True
Is 34817 a prime number?
False
Is 23251 prime?
True
Is 8663 prime?
True
Is 294497 a prime number?
False
Is 41159 a prime number?
False
Is 20363 a prime number?
False
Is 28838 composite?
True
Is 47567 prime?
False
Is 117583 prime?
False
Is 31235 a composite number?
True
Is 1979 prime?
True
Is 104623 composite?
False
Is 20311 composite?
True
Is 2167 prime?
False
Is 149083 a composite number?
True
Is 131837 composite?
False
Is 13829 prime?
True
Is 1376897 a composite number?
False
Is 4861 prime?
True
Is 146449 a composite number?
False
Is 135673 a prime number?
False
Is 16649 composite?
False
Is 484397 prime?
True
Is 1197103 prime?
True
Is 79789 prime?
False
Is 62851 a composite number?
False
Is 52957 composite?
False
Is 6163 prime?
True
Is 26119 a prime number?
True
Is 9413 a prime number?
True
Is 14299 a prime number?
False
Is 13641 prime?
False
Is 1236701 prime?
True
Is 1535 composite?
True
Is 8803 a composite number?
False
Is 25478 a composite number?
True
Is 129671 composite?
False
Is 842657 a composite number?
False
Is 1507 a composite number?
True
Is 90811 composite?
True
Is 8999 prime?
True
Is 22177 composite?
True
Is 156941 composite?
False
Is 6977 a composite number?
False
Is 497851 prime?
True
Is 7387 a composite number?
True
Is 213587 a prime number?
False
Is 5333899 a prime number?
False
Is 84497 a composite number?
True
Is 207451 composite?
True
Is 19289 a composite number?
False
Is 32681 a prime number?
False
Is 1736347 a composite number?
False
Is 13001 a composite number?
False
Is 142357 a prime number?
True
Is 359683 prime?
False
Is 389791 prime?
True
Is 39687 a prime number?
False
Is 10037 prime?
True
Is 10841 a composite number?
True
Is 1097293 prime?
True
Is 13438 a composite number?
True
Is 598435 a composite number?
True
Is 96071 a prime number?
False
Is 790219 a prime number?
True
Is 2393 a composite number?
False
Is 15049 a composite number?
True
Is 2420549 prime?
True
Is 21881 prime?
True
Is 139157 composite?
True
Is 30329 a prime number?
False
Is 782429 a composite number?
False
Is 7054 prime?
False
Is 26769 composite?
True
Is 154057 a composite number?
False
Is 955717 prime?
False
Is 69233 a composite number?
False
Is 239593 a composite number?
True
Is 144629 a prime number?
True
Is 168761 a composite number?
False
Is 3587 composite?
True
Is 785635 a composite number?
True
Is 1383 a prime number?
False
Is 9026 prime?
False
Is 9613 a prime number?
True
Is 345571 a prime number?
True
Is 8548913 prime?
True
Is 90227 prime?
True
Is 20467 a prime number?
False
Is 16917 a composite number?
True
Is 27658 prime?
False
Is 73237 composite?
False
Is